
Let d(n) = 27*n**2 - 12*n - 9. Calculate the remainder when 175 is divided by d(-1).
25
What is the remainder when (1097 - 0)/((27 - 19) + -7) is divided by 183?
182
Suppose 0 = 960*k - 969*k + 9. What is the remainder when 46 is divided by (-98 + 100)*(25/2 + k)?
19
Suppose -109*i + 638 + 181 = -53. What is the remainder when 45 is divided by i?
5
Suppose 3*g = -4*s + 155, s + 29*g - 47 = 31*g. Calculate the remainder when 409 is divided by s.
40
Suppose 0 = 3*t - q - 2567, 3*q + 1854 = 2*t + 131. What is the remainder when t is divided by 120?
14
Calculate the remainder when -6 + 775465/30 - (13 - (-316)/(-24)) is divided by 14.
13
Let q = 63 - 50. Let b(j) = 6*j**2 + 7. Calculate the remainder when b(3) is divided by q.
9
Suppose -7*x - 50 = -17*x. Suppose 34 = -v + 6*v - 2*s, x*s + 17 = 4*v. Calculate the remainder when 36 is divided by v.
4
Let v = 0 - -45. Let l(u) = -u**2 + 3*u - 4. Let z be l(2). Let t(d) = -4*d + 7. What is the remainder when v is divided by t(z)?
0
Let f(l) = -18*l + 136. Let a be f(8). What is the remainder when 433 is divided by -9 + 161 + a + -1?
4
Suppose 6*j + 512 = 4*b + 5*j, 384 = 3*b - j. Calculate the remainder when b is divided by 64.
0
Let x(k) = 33*k**2 + 4*k + 1. Suppose 3*u + 6 = u. Let l be (1/u)/((-3)/(0 - -18)). What is the remainder when x(l) is divided by 36?
33
Suppose 2*w - 64 = 250. Suppose 156*b + 33 = w*b. Calculate the remainder when 117 is divided by b.
18
Let c = 106 - 46. Suppose -3220 + 3989 = 5*o - x, 5*x = 30. Suppose -65*q + c*q = -o. What is the remainder when 57 is divided by q?
26
Suppose 0 = 2*g - 8, -3*i - g = -0*g - 91. Let c(m) = 12*m**2 - m + 38. What is the remainder when c(4) is divided by i?
23
What is the remainder when -7 + (9/15 - 50910/(-150)) is divided by 40?
13
Let v(g) = 2*g**3 + g**2 - 7*g - 18. Let r(q) = -4*q**3 - 2*q**2 + 14*q + 37. Let d(p) = -3*r(p) - 7*v(p). Calculate the remainder when 76 is divided by d(-3).
37
Suppose 4*x + 320 = 9*x. Suppose 4*l - 25 = -13. What is the remainder when x is divided by 22*(-1)/((-2)/l)?
31
Let j = -1253 - -1095. Let c = j + 220. What is the remainder when c is divided by 2/(-4) - (-35)/2?
11
Let a be (5/(-2))/(-5)*86. Let l = a - 13. Let j = 264 - 176. Calculate the remainder when j is divided by l.
28
Let z(i) = 7 + 21*i - 11*i**2 + 18*i**2 - 10*i**2. What is the remainder when 94 is divided by z(7)?
3
Let w = 59 + -55. Suppose 0 = w*m - 16, u - 5*u + 28 = -5*m. Calculate the remainder when 114 is divided by -1 - (-60)/(u/8 - 0).
36
Suppose 296*z + 36 = 290*z. Calculate the remainder when (-166)/(-6) - (-8)/(-12) is divided by (z/(-9))/((-1)/(-9) - 0).
3
Let x be 122 - (6 + 6 + -9). Suppose -x*r = -118*r - 428. What is the remainder when r is divided by 109?
101
Suppose -3*u - 34110 = -5*q, -2*q + 298*u - 294*u = -13644. Calculate the remainder when q is divided by 69.
60
Let h = -284 + 484. Calculate the remainder when h is divided by 96.
8
Suppose -13*x = -15*x + 22. Calculate the remainder when 122 is divided by x/(-44) + (-660)/(-16).
40
Let c = 19 - -7. Let a = c + 11. Suppose -4*p = 2*l - 432, p - 6*l + 2*l = 117. Calculate the remainder when p is divided by a.
35
Suppose -15*u = 5*u - 3*u - 595. Calculate the remainder when 105 is divided by u.
0
Let k be ((-96)/(-18))/((-4)/(-6)). Calculate the remainder when 75 is divided by (-246)/k*(0 - (-4)/(-3)).
34
Suppose -114*u + 319*u + 91 = 2551. What is the remainder when 183 is divided by u?
3
Let q(g) = -5*g - 32. Let v be q(-8). Suppose -32 = 10*p + v. Calculate the remainder when 464/p*(2 - (-18)/(-8)) is divided by 10.
9
Suppose -2*v = 4*u - 76, -v + 25*u - 24*u = -47. What is the remainder when 1008 is divided by v?
40
Let l(v) = 7*v - 16. Suppose 0 = -4*w - 5*n + 41, 9*w + 2*n = 5*w + 38. Calculate the remainder when l(w) is divided by 4.
3
What is the remainder when (-10 - 5 - -6)*(-235)/45 is divided by (-2)/5 - 127/(-5)?
22
Let j = -148 - -98. Let a = -22 - j. Calculate the remainder when 53 is divided by a.
25
Let y(k) = 1759*k + 58078. Let p(g) = -147*g - 1. What is the remainder when p(-4) is divided by y(-33)?
29
Suppose 0 = -2*d - 5*i - 6, 2*d - 15*i - 8 = -13*i. Suppose -d*t - 44 = -4*t. Calculate the remainder when 150 is divided by t.
18
Suppose 4*m - 7*m + 12 = 0, 2*m = -d + 42. Calculate the remainder when 165 is divided by d.
29
Suppose 17*w + 0*w = -119. What is the remainder when 18 is divided by 14 - ((-35)/w + -1)?
8
Let q = -8894 + 8903. What is the remainder when 800 is divided by q?
8
Let o be 70/(-3) - (-8)/6. Let h = o - -26. Suppose h*g - 4*u - 60 = 0, 5*g + u - 42 = 39. Calculate the remainder when 63 is divided by g.
15
Let z = -118 + 271. Suppose z*x - 159*x = -138. Calculate the remainder when 52 is divided by x.
6
Let s(o) = -88*o + 8. Let t be s(2). Let u = -135 - t. Calculate the remainder when 130 is divided by u.
31
Let r = -385 + 396. Suppose -378 = -3*s - 4*s. Calculate the remainder when s is divided by r.
10
Let y(w) = -w**3 + 10*w**2 + 10*w + 16. Let m be y(11). Suppose -4*r = 4*g - 13 - 59, -m*g - 3*r + 84 = 0. What is the remainder when 56 is divided by g?
11
Let b(o) = -o**2 - 24*o + 69. What is the remainder when 283 is divided by b(-21)?
19
Suppose 12*d + 73 = 241. Let k(m) = m**2 - m - 28. What is the remainder when k(-6) is divided by d?
0
Let b(a) = 15 - 58 + 3*a - 12*a. What is the remainder when 93 is divided by b(-10)?
46
Suppose 18*p + 250*p - 2657 = 23. Let t(u) = -108*u - 5. What is the remainder when t(-4) is divided by p?
7
Suppose -13 + 5 = -2*r. Let o be (-165)/35 - (-6)/(-21). What is the remainder when ((-18)/(-4))/(o/(-10)) is divided by r?
1
Let i(f) = f**3 + 12*f**2 - 12*f + 4. Let c be i(-13). Let b be (-14 - c)*(-51)/(-5). Let p = b - -78. Calculate the remainder when 133 is divided by p.
25
Suppose -130*q + 182*q = 1456. What is the remainder when 444 is divided by q?
24
Let z(f) be the first derivative of 4 + 1/4*f**4 + 13*f + f**2 - 4/3*f**3. Calculate the remainder when z(6) is divided by 25.
22
Let b(g) = -16 + g**3 - 42*g + 27*g**2 - 8*g**2 + 22. Let h be b(-21). Suppose -4*f + h*f - 20 = 0. Calculate the remainder when f is divided by 2.
0
Suppose -3*j + 5*l + 2110 = 0, -2*j - 156*l = -155*l - 1385. Calculate the remainder when 2099 is divided by j.
14
Suppose 87 = -4*j - 53. Let i = j + 53. Let x = -104 - -174. What is the remainder when x is divided by i?
16
Let s(v) = -v**2 - 7*v + 10. What is the remainder when 1129/13 - (-2)/(-8*(-52)/32) is divided by s(-7)?
7
Suppose 101*q - 97*q - 68 = 0. What is the remainder when q is divided by (-100)/(-15)*(-18)/(-15)?
1
Let l be 6/((-1)/2 + -1). What is the remainder when 76*((134 - 136) + (-1)/(6/(-27))) is divided by -3 - -3 - l*8?
30
Suppose -f - 2*u + 91 = -24, -f = -4*u - 115. Suppose 3*x - 1005 = 4*r, 33*r - 1667 = -5*x + 37*r. What is the remainder when x is divided by f?
101
Suppose w - 3*w = -154. Let c(h) = -2*h**2 - 65*h + 1638. Calculate the remainder when w is divided by c(-49).
14
Let f(k) = 2433*k**3 - 2435*k**3 + k - 15*k - 11*k**2 - 9*k. Calculate the remainder when 173 is divided by f(-4).
41
Suppose -5*s - 6980 = -17*k + 22*k, -4*s - 5*k = 5585. What is the remainder when 1099 is divided by 28/(-224) + s/(-24)?
55
Let d = 57 + 51. Let y = 111 - d. Suppose -5*r = -5, -8*r + y*r = -v + 138. Calculate the remainder when v is divided by 9.
8
Suppose -1396*m + 1378*m + 2268 = 0. Calculate the remainder when 378 is divided by m.
0
Let a(f) = 3*f**2 - 59*f - 10. Calculate the remainder when a(21) is divided by (((-64)/10)/4)/(16/(-120)).
2
Let a(t) = -687*t + 16*t**2 - 3*t**3 + 692*t + 2*t**3 - 16. Suppose r + r - u - 39 = 0, 4*r - 3*u - 83 = 0. Calculate the remainder when a(16) is divided by r.
13
Let o = -225 + 243. Suppose 0 = -4*n - 8, -2*w = 2*w + 3*n - 130. Let x = w - o. Calculate the remainder when 59 is divided by x.
11
Let k = 35 + 27. Suppose 960 = 6*i - i - 275. Calculate the remainder when i is divided by k.
61
Suppose 45*o - 41*o = -20, 5*d - o - 13855 = 0. Calculate the remainder when d is divided by 66.
64
Let l = -874 - -873. Suppose -5*j + 37 = -3. Calculate the remainder when (5 - 51/18)/(l/(-6)) is divided by j.
5
Suppose -20*h + 10*h = -170. Calculate the remainder when 849 is divided by h.
16
Let c = -285 + 332